e the greatest common factor of 5168 and u.
34
Let n be 2/(-4)*(-4 + 0). Suppose t - n*r = -3*r + 15, 0 = -3*r. Suppose j + t = 4*j. What is the greatest common divisor of 10 and j?
5
Let r(y) = 2*y**2 + y + 56. Let a be r(0). Suppose 51 - 114 = -16*o + 65. What is the greatest common factor of o and a?
8
Let h be (18/27)/(2/108). Let r be (-4)/(-18) - (-100)/h. Let f(u) = 7*u**2 + 115*u + 75. Let z be f(-16). Calculate the greatest common divisor of r and z.
3
Suppose 7*f = 8*f + u + 2, 5*f + 18 = -3*u. Let o be 15 + (-2)/(5 + f). Calculate the highest common divisor of 289 and o.
17
Let z(q) = q**2 - 12*q - 10. Let t be 40/140 + 82/7. Let n be z(t). Let v be 2/3*(-15)/n. Calculate the highest common divisor of v and 4.
1
Suppose -204*w = 99*w - 10908. Suppose 0*u + 4*u - 792 = 0. What is the greatest common factor of u and w?
18
Let f(l) = 6*l + 71. Let p be f(-8). Calculate the greatest common divisor of p and 1127.
23
Suppose 62*d - 71*d = 0. Suppose d = 16*q + 70 - 326. Let p be (-4)/(-10) - 16/(-10). What is the highest common factor of p and q?
2
Suppose 3*v - 708 = -3*t, 52*t = 3*v + 50*t - 698. What is the greatest common divisor of v and 144?
18
Let n = -232 + 373. Let p = 167 + -162. Suppose -136 = -p*z + 99. What is the greatest common divisor of z and n?
47
Let q = -2822 - -6391. Calculate the highest common divisor of q and 83.
83
Let t = -13 + 21. Suppose -8 = 5*l + 107. Let n be -2 + -2 + 0 + (1 - l). Calculate the greatest common divisor of t and n.
4
Let q = 8117 - 6233. Calculate the greatest common divisor of q and 84.
12
Suppose b - 4*t - 85 = 0, -t + 154 = 2*b - 5*t. Suppose 0 = -25*v + 31 + b. What is the highest common divisor of v and 172?
4
Let p = 1756 + -1616. What is the greatest common divisor of p and 480?
20
Let o(a) be the second derivative of 0 - 9*a**2 - 7*a + 1/12*a**4 - 10/3*a**3. Let d be o(21). What is the greatest common factor of d and 3?
3
Let p be 27*((-11)/3 - -4). Suppose -254 = -p*h + 286. What is the highest common factor of 5 and h?
5
Let b(w) = -15*w + 122. Let l be b(-18). Calculate the greatest common divisor of 406 and l.
14
Let r(g) = g**2 + 295*g + 2870. Let c be r(-10). What is the highest common divisor of 11270 and c?
10
Let y(i) = -94*i**2 + 11*i - 11. Let f be y(4). Let d = 2718 + f. Calculate the highest common divisor of 29 and d.
29
Let t(w) = 4*w - 1. Let x be t(5). Suppose -2*h - 150921 + 151339 = 0. Calculate the greatest common divisor of x and h.
19
Suppose -7*x = 5*s - 24392, 0 = -2*x + s - 4*s + 6977. Calculate the highest common factor of 59 and x.
59
Suppose 4*a = s - 404, 186 - 184 = 2*a. Suppose -207 = -4*y + 3*x, -5*x + 0*x = 2*y - 97. Calculate the greatest common factor of y and s.
51
Let y(v) = -v**2 + 25*v - 91. Suppose g = r + 3, -2*r = -r - 2. Let j be y(g). What is the greatest common divisor of 207 and j?
9
Suppose 6*p - 52 = 38. Suppose 0 = -3*f - f - 84. Let u be ((-180)/f)/(3/42). Calculate the greatest common divisor of u and p.
15
Let u = -315 - -323. Suppose -u*d - 28 = -540. What is the greatest common divisor of 96 and d?
32
Suppose 10*c - 4*b = 93 + 13, 2*b = -8. What is the highest common divisor of 13 and c?
1
Let z(h) = 3*h**2 - 25*h - 112. Let b be z(32). Calculate the highest common factor of b and 243.
27
Let b(m) = -m**2 + 28*m + 446. Let t be b(-11). Let a = 191 + -85. Let s = a + -21. Calculate the greatest common divisor of s and t.
17
Let x be -8*(-1)/(-1) + (1424 - -46). What is the highest common divisor of 34 and x?
34
Let k be (2 + -1)/(2/510). Let j = -1862 + 1877. What is the highest common factor of j and k?
15
Let s = 16824 - 13901. What is the highest common factor of 111 and s?
37
Let f(q) = -q**3 - q**2 + q. Let g(h) = 5*h**3 + 10*h**2 - h - 1. Let i(x) = 6*f(x) + g(x). Let t be i(4). Calculate the greatest common factor of t and 19.
19
Let h(c) = -c - 3. Let g be h(-7). Let z be (-14)/(-4)*(-12)/(-7). Suppose z*q = 8*q - g. What is the greatest common divisor of 14 and q?
2
Let i(x) = -23*x**2 + 411*x + 48. Let k be i(17). What is the highest common divisor of 3395 and k?
97
Suppose 24 + 246 = 6*t. Let h = t - -225. Calculate the highest common divisor of 27 and h.
27
Suppose 3*a = 3*y + 90, a - 9 - 15 = 4*y. Let x be (8*(1 + -2))/(-2). What is the greatest common divisor of x and a?
4
Let q = -28685 + 28695. Calculate the greatest common divisor of 3190 and q.
10
Let p = 2082 - 2068. What is the greatest common divisor of p and 14?
14
Suppose 14*g - 376 = -54. Suppose -5*l + 667 = -g. Calculate the highest common factor of 46 and l.
46
Suppose -8*o + 10*o + 56 = -2*q, -4*o = q + 100. Let t = o - -279. Calculate the highest common divisor of 15 and t.
15
Let u(j) = -j**2 - 2*j + 23. Let t be u(7). Let h = 82 + t. Suppose d = 4*d - h. Calculate the greatest common factor of d and 154.
14
Let x(z) = 59*z - 273. Let q be x(-16). Let d = -609 - q. What is the greatest common factor of 96 and d?
32
Let q(t) = t**2 + 2*t + 680. Let g be q(0). Suppose 0 = 3*f - 4*h - 80 + 13, h - 13 = -f. What is the greatest common divisor of g and f?
17
Let g be (2 - (-50)/(-4))/((-404)/13736). What is the highest common factor of g and 170?
17
Let s = -15709 + 15786. Suppose -3*h + 15 = -2*l, -3*l - 2*h = -2*l - 10. Suppose l = -4*z + z + 33. What is the greatest common factor of z and s?
11
Suppose -3*b + g = 6*g - 84, 4*b - 147 = 5*g. Let d(q) = -8*q + 18. Let a = 133 - 139. Let u be d(a). What is the greatest common divisor of b and u?
33
Let v be 1/3 - (-466)/6. Let a(l) = 18*l**2 + 823*l - 3307. Let s be a(4). Calculate the highest common divisor of s and v.
39
Let f(v) = v**3 - 30*v**2 + 2*v + 66. Let c(r) = 23*r**2 + 7*r. Let l be c(1). Let g be f(l). What is the highest common factor of 336 and g?
42
Suppose -2*u + 10 = 0, -3*r = -0*r + 3*u - 33. Suppose 0 = -r*c + 8*c - 6. Calculate the greatest common factor of 210 and c.
3
Suppose 866 = -143*o + 201*o - 120. What is the highest common divisor of 289 and o?
17
Suppose 5*u + 847 = l, 3*u + 1340 - 503 = l. Calculate the highest common divisor of 30 and l.
6
Suppose 2*n = 7*n - 60. Suppose -3*s - n = -9*s. Suppose -3*l + 381 = d, 3*l = s*d + 420 - 48. What is the highest common divisor of l and 18?
18
Let c = -93 + 165. Suppose -5*u - 4*k + 37 = 0, 4*u - k - 21 = 17. Calculate the greatest common factor of u and c.
9
Suppose -5*n + n = 16, -3*n = f - 3156. What is the greatest common factor of 1386 and f?
198
Let j(r) = -2*r**3 - r - 35. Let d be j(0). Let p be 0 + (74/7)/((-5)/d). What is the highest common divisor of 407 and p?
37
Let m(a) = -3*a**3 - 14*a**2 + 63. Let g be m(-5). Let f = 10 - -1. Calculate the highest common divisor of g and f.
11
Let m = -29 + 38. Let x = 1741 - 1735. What is the greatest common factor of x and m?
3
Let r(b) = 52*b**2 - b. Let i be r(1). Let l = -51279 + 51415. What is the greatest common divisor of i and l?
17
Let i = -991 - -1103. What is the highest common factor of i and 518?
14
Suppose 4*o - 250 = 4*s + 98, -5*o + 414 = 2*s. Suppose -2*r + 64 = -o. Let p = r - -22. What is the highest common divisor of p and 16?
16
Suppose 0*z = 3*d + 3*z - 45, 3*d + z - 39 = 0. Let c be 2 + -5 + 13 + -4. Let o be 82 - -4 - (-4 + c). Calculate the greatest common divisor of d and o.
12
Suppose 4*j + 8*q - 51 = 29, 5*q + 30 = 0. What is the greatest common factor of j and 11296?
32
Let o be 3 + -1 - -1 - 8/(-4). Suppose -o*x + 3*v + 145 = 50, 5 = v. Let c be (66/9)/((-1)/(-9)). What is the highest common divisor of c and x?
22
Suppose 4*k = -2*a + 232, -3*a + 30*k = 26*k - 418. What is the highest common divisor of 10426 and a?
26
Let j(z) = -z + 3. Let i be j(5). Let m be (-4 - i)*13/(-2). Let y(c) = c**2 + 43*c - 4417. Let k be y(-92). Calculate the highest common divisor of k and m.
13
Let u be (251 - (11 + -7))/(3 - 2). Let j = 63 + -50. Calculate the highest common divisor of u and j.
13
Let g = 13288 + -13197. What is the greatest common factor of g and 259?
7
Let u(z) = -z**2 - 3*z + 2. Let o be u(-3). Suppose -111 = -m + 5*p, p + 425 = 1678*m - 1674*m. What is the highest common factor of m and o?
2
Suppose -3*h - 2 = -5, -4*h + 1994 = -5*f. Let a = 210 - f. What is the highest common factor of 76 and a?
76
Let t be 7*456*80/420. Calculate the highest common